f 8 + (-26 + -7 + 5 - -9)?
-11
What is 4 - 12 - (4 - (32 - 11))?
9
What is the value of 8 - (0 - -4 - (16 - 13))?
7
(7 - -26) + -9 + -18
6
Calculate -2 + 4 - -27 - (-67 + 78).
18
What is the value of 3 - -1 - (-4 - ((8 - -9) + -4))?
21
Evaluate (-11 - -14) + (0 + 40 - 8).
35
(-27 - (4 - -3)) + 22
-12
Calculate 39 + -13 - 29 - (-2 - 0).
-1
Evaluate 22 + 11 + -16 + (-3 - (4 + -1)).
11
-4 - (27 - 10) - (5 + -19)
-7
Evaluate (-1 + 1 - (63 + -50)) + (-6 - 0).
-19
Calculate 0 - (6 + 2 + (6 - 8)) - -1.
-5
Evaluate -13 + -1 + (-2 - -12 - 10).
-14
Calculate 21 + (3 - 14) - 5.
5
Calculate 9 - (9 - 20) - 9.
11
What is (-2 - -10) + -12 + -14 + 24?
6
What is the value of (9 - -21) + -31 + -6?
-7
What is the value of -22 + (0 - -12) + (2 - (-9 - -4))?
-3
Evaluate -12 + (-2 - -33 - 11).
8
Evaluate 5 - (9 - (7 - 5)) - (-6 - -1).
3
Calculate (-4 + 2 - 34) + (7 - -6).
-23
Calculate (-17 - 0) + 14 - 17.
-20
What is (13 - 2) + -2 + (69 - 73) + -3?
2
What is the value of -268 - -285 - (-1 + 13) - (0 + 3)?
2
Evaluate -12 - (3 + -14) - -17.
16
(-63 - -14 - -37) + -1 + 26
13
Evaluate (-1 - 3) + (12 + -7 - 12) - -9.
-2
Evaluate -10 + (-8 + 6 - -9) - (1 - -1).
-5
-6 - (7 + (12 - (3 - 2)))
-24
Calculate 0 + (-7 - -17) + (-14 - -17).
13
What is -12 - (3 - 8) - (5 + -3)?
-9
Calculate -4 + 0 + -1 + 0 + 4.
-1
Calculate -24 + -9 + ((-1 - -10) + -17 - -20).
-21
What is 5 + (28 - 6) - 18?
9
-6 + (-78 + 76 - (16 - 1))
-23
Evaluate (-2 - ((5 - -5) + 6)) + 2.
-16
What is 12 + (-4 - (-8 - -3) - 10)?
3
What is (-2 - -1) + 0 - (-2 + 9 + -11)?
3
What is 6 + -19 + -8 + 18?
-3
-7 + (-26 - -26 - 20)
-27
7 - (24 - 15) - -10
8
What is the value of 8 + 8 + (11 - 7) + 0 + -7?
13
Evaluate 54 + 2 + -23 + -11.
22
(-13 - (51 - 88)) + 1 + 2
27
Evaluate 19 + (-10 - 3 - (4 + -12)).
14
Calculate (-1 - (-49 - -38)) + -6 + -2.
2
Evaluate ((1 - -7) + -2 - (-6 + 16)) + -3.
-7
What is the value of -17 + (-13 - -6 - -42) - -16?
34
What is the value of (15 + 1 + 2 - 15) + -23?
-20
Evaluate (-17 - (-4 + -18)) + -7 + -1 + 1.
-2
What is the value of 21 + 3 + (45 - 66)?
3
What is the value of 11 - 0 - (-112 + 124)?
-1
Calculate -3 + -10 + (12 - (9 - 11)) + 0.
1
What is -1 - (-7 - (-5 + -8 - -12))?
5
What is -5 - 6 - (0 + -1) - (223 - 236)?
3
Calculate -11 - (-7 + (7 - 15)).
4
What is -17 + (-15 - (-3 + -16))?
-13
Calculate (31 - 37) + 4 + -16.
-18
Calculate 32 - (40 - -5) - 18.
-31
Evaluate 6 - (11 + -20 + 5).
10
Calculate 10 + -13 + 4 + 1 + (-4 - -8).
6
(0 + -2 + -2 - (-12 + 8)) + 2
2
Calculate (-4 - -4 - 3) + 3 + 1 + 10.
11
-17 - (-19 + 2 - -13 - (-4 + 1))
-16
What is -21 + -12 + 11 + -11?
-33
26 + -29 + (4 + 3 - 0) + -20
-16
What is 47 + -22 - 29 - (-2 + -2)?
0
What is the value of -32 + 6 + (-93 - -109)?
-10
0 - ((-7 - 0) + (25 - (17 + 15)))
14
Calculate (-1 - 1) + 8 - (-26 - -41) - -9.
0
What is the value of -14 + (7 - (-2 - -14) - (-12 + 4))?
-11
What is -1 + (-1 - -3) + (14 - 21) + -9?
-15
What is the value of -6 + (-8 + 2 + -4 - (-21 - -23))?
-18
Calculate -17 + (8 - (-16 - 9)).
16
What is (-7 + -3 - -6) + -3?
-7
What is (1 - 1 - (-1 - 0)) + 65 + -59?
7
What is -4 + 11 - (8 - 5)?
4
Evaluate 16 - (6 + 20 - (0 - -13)).
3
What is the value of 1 + -8 + 4 + 16 + -11 + -7?
-5
Evaluate -3 + 0 + (1 - -9) + (98 - 119).
-14
Calculate -2 - -3 - -8 - (2 - (30 + -27)).
10
What is the value of (2 - 6 - -3) + 28?
27
What is -24 - (44 - 39 - 23)?
-6
What is (-4 - (-8 - 3)) + 0 - -10 - -1?
18
Calculate 10 - (13 + -29 + 23).
3
-2 + (0 + 10 - 1 - (-18 + 19))
6
-1 - (-4 - -10) - (-2 - 3)
-2
Evaluate 0 - ((33 - 56) + 18).
5
Calculate -1 - (-15 + (-3 + -12 - 3)).
32
What is the value of (-1 - (-4 - 8)) + -43?
-32
What is the value of -6 + 23 - (-10 + 65)?
-38
What is the value of 14 + -9 + -3 + 6?
8
What is -1 - (10 - (1 - -4)) - (0 + -4)?
-2
What is (4 + -1 + 1 - 9) + -6?
-11
(10 - (-4 + 24)) + 28
18
(-18 - (-24 - -18)) + (-1 - -4)
-9
Evaluate 17 + -16 - 4 - (-5 + 11 - -22).
-31
What is the value of (-22 - -35) + -10 + (4 - -5)?
12
What is 39 + (-15 - 44) + (0 - 2 - -5)?
-17
What is (2 - (-15 - -1)) + -38?
-22
Evaluate 0 - ((67 - 66) + 9 + 1).
-11
What is -2 - (-17 + -2) - 19?
-2
-21 + 12 + -12 + 15
-6
What is the value of 4 + -7 - 1 - -23 - (92 - 93)?
20
What is the value of ((-8 - 4) + 7 - 3) + 23?
15
-1 - (-9 - (4 + -2 + 17 + -12))
15
What is the value of 0 - (-2 + -1 + (18 - 11))?
-4
Evaluate 6 + -26 - (-26 + 8).
-2
Evaluate 6 + 22 - (1 + 26 + -16).
17
Calculate -1 + -2 - (-61 + 45).
13
Evaluate 3 + (-14 - (-1 - 28) - 11).
7
What is the value of -7 + -27 + (11 - -13)?
-10
Calculate (1 - 1) + 6 + 5.
11
What is the value of 0 + -1 + 20 + 1 + -40?
-20
Calculate -34 + 22 + 2 + -1 + 2.
-9
What is 0 + 42 + -18 + -21?
3
What is 18 + 17 - (-1 + (2 - -13))?
21
What is the value of 206 + -203 + (-2 - (2 - 0))?
-1
Calculate 6 + (-6 + 1 + -5 - 3) + 8.
1
Evaluate -14 - (-23 - (-13 - -6)).
2
Evaluate 9 + (-12 - (15 + -30)).
12
Evaluate (-13 - (-19 - 4)) + -18 - (-1 - 1).
-6
What is ((-1 - 4) + 13 - 0) + -4?
4
(-3 + -4 - (31 - 20)) + (13 - 16)
-21
Evaluate (34 + -45 - (-7 + 4)) + -14.
-22
Calculate 1 + 11 + -4 - 0 - (8 + 2).
-2
Calculate 14 + (-29 - -13) + 6.
4
What is the value of -3 + 14 + -31 + 6?
-14
Evaluate (-4 - (-27 + 5 - -15)) + 18.
21
Calculate (17 - (15 + -35)) + -22.
15
16 + 3 + -10 + -40 + 2
-29
What is (7 + -4 - -21) + -7?
17
What is (-19 - 2 - (-1 + 2 + 2)) + -6?
-30
What is the value of -18 - (4 + 10 + -46)?
14
Calculate 6 - (0 + 1 + (-37 - -30)).
12
What is -1 + -10 + 19 + (-1 - 24)?
-17
What is -3 + -7 + -31 + 32?
-9
Evaluate 3 + (0 + (-5 - -8) - 4).
2
(7 - 7) + 2 - (0 + -10 - -10)
2
(-396 - -396) + (-2 - 5)
-7
-28 - (-2 + -9 + -8)
-9
What is the value of (40 - 39) + (1 - -18) + (-4 - 2)?
14
Evaluate (-2 - -3) + -16 - (219 + -216).
-18
What is 2 + (14 - (-10 + 11 + -9))?
24
6 + (-1 - (-9 - -8)) + (4 - 0)
10
What is 22 + -25 + 0 + -1 + 0?
-4
-8 + -7 + 14 - (5 + 1)
-7
13 + (-6 + 4 + -3 + -1 - -5)
12
What is -7 - ((-10 + 2 + 3 - 4) + 12)?
-10
What is -2 + (11 - 3) + 21 + -57 + 29?
-1
Evaluate (7 - (26 + -21)) + -14.
-12
What is the value of 17 + 28 + -16 + -33?
-4
Calculate (-20 - -4) + 21 - (8 - -1).
-4
What is (9 - -3) + 1 + -5?
8
Evaluate 9 - ((-12 - (-9 + -1)) + 2).
9
What is the value of 43 - 53 - (3 + -2) - -20?
9
Calculate 4 - 7 - 13 - (13 - 5).
-24
What is 20 - 22 - (-25 + 2 - (-16 - -9))?
14
What is the value of 2 + -8 - -17 - (-4 - -36) - 2?
-23
What is the value of (5 - 10) + -20 + (36 - 5)?
6
What is the value of (3 - -2) + (-26 - (-19 - -8))?
-10
Calculate -11 + (1 - 10) + 6 + 8 + -8.
-14
What is 37 - (1 + -9 - (77 + -94))?
28
What is 0 + 6 - ((2 - 9) + 5)?
8
Calculate 13 + 0 + 123 + -165 + 0.
-29
0 - (18 + -38 - -2)
18
What is the value of 7 + -18 + 2 - (-10 + 2)?
-1
What is 10 + 23 + -33 + 21?
21
What is the value of -28 + 48 + -16 - 10?
-6
-2 + -10 - -2 - 0 - 6
-16
Calculate -12 + 4 - (-3 - 1 - (24 + -33)).
-13
What is the value of 7 + -4 + 12 + (-24 - 0) + 28?
19
Calculate -2 + 1 + -4 + (161 - 145).
11
What is the value of -5 - -1 - (-17 + 17) - 2 - -3?
-3
Evaluate 1 + (4 + -54 - -18) - (-1 + -3).
-27
432 + -429 - (0 - 20)
23
What is the value of 9 - (7 - 7) - 0 - -1?
10
-13 + -6 + -10 + (1 - -2)
-26
Calculate 5 + 2 + (-10 - (0 + -5) - -6).
8
Evaluate 74 + -70 - (-5 + -1).
10
Calculate (28 - (1 + 14 + 0)) + -46.
-33
What is the value of (70 - 91) + (4 - -3)?
-14
What is -25 - (-11 + 26 + -22)?
-18
Evaluate 2 + (-10 - -6) + 8 - (1 - -5).
0
What is (28 - 13 - 18) + -5?
-8
15 + (-46 - -6) + 2
-23
Evaluate -4 - (-3 - -5) - (-20 - -30).
-16
What is 44 + 13 + -8 + -30?
19
What is the value of -647 + 660 - (8 + -1)?
6
What is the value of 63 + -60 + (-1 - -3)?
5
Evaluate 6 + -12 + -13 + (12 - 2).
-9
Calculate (-7 - (-5 + 8 + -6)) + 6 + 0.
2
Calculate (-2 + -4 + 4 - 3 - 1) + -1.
-7
What is 1 + (-3 - 18 - (-7 + 3))?
-16
Evaluate 13 - 5 - (1 - -21) - -12.
-2
What is -21 + (5 - 15) + 13 + 8?
-10
What is 3 - (-1 + 8 + 7)?
-11
What is the value of 4 + (-5 - -7) - 11?
-5
Calculate 54 - 1 - 3 - 22.
28
77 + -47 - (1 - -10 - (-1 - -5))
23
Calculate -975 + 996 - (0 + 5 + 1).
15
4 + (12 - 6 - 3) + -25 + 15
-3
What is (-2 + -1 + -4 - (-8 - -10)) + -4?
-13
-260 - -279 - (2 + 19)
-2
What is the value of -15 + 6 - (14 + -3 - 20)?
0
What is the value of -30 - -1 - (43 - 68)?
-4
(18 - (40 + -66)) + -13
31
Calculate 11 + 